)?
-112
Calculate 1 + (3 - -15) + -27 + 0.
-8
What is the value of -5 - ((-19 - 10) + 17 - ((1 - 2) + 72))?
78
89 + (-121 - -39) + -70
-63
Evaluate 99 + (-1 - -3) + 55 + -31 + -12 + -2.
111
Evaluate 2607 + -2657 - (-55 + -2).
7
Calculate (17 - -8) + 66 - 66.
25
Evaluate (101 - -79) + -79 + -212.
-111
What is the value of 2 + 107 + (-35 - (46 + -94) - 27)?
95
-3 - (-9 + (-15 - (7 - 19)) - -24)
-15
What is 18 + -19 + (20 - (-13 - -9))?
23
What is the value of (-2 - -74) + (119 - 98) + -27?
66
What is 70 - 28 - 0 - -5?
47
-26 + 75 - (-6 + 24)
31
Evaluate -20 - -57 - 25 - -12 - -8.
32
What is 19 + (-5 - (-17 - (-7 + 0))) + 11 - -8?
43
0 + 73 + (3 - (-63 + 52))
87
Calculate (12 - (-10 + (16 - (-18 + 13)))) + -9.
-8
-47 - 1 - ((7 - 16) + (5 - 10))
-34
61 + -2 + 0 + (57 - 90 - -19)
45
What is the value of 3430 - 3418 - (95 - 0)?
-83
53 + (-25 - 60) - (6 - -7)
-45
What is 19 - 76 - -88 - (4 + 2)?
25
Calculate 4 + -11 + (-4 - -2) + -27 + 45 + -25.
-16
What is (-8 + 6 + -4 - (18 + -23)) + -25?
-26
What is the value of (-4 - (-5 - -1)) + -2 + -3 - (472 - 441)?
-36
What is (11 - (0 + -2) - ((-14 - 4) + 25)) + -31?
-25
-2011 + 1957 - (-24 + -1)
-29
14 + -131 - -49 - (1 + -20)
-49
Calculate -12 + 135 + 3 + -66.
60
Calculate -18 + 44 + -18 + 0.
8
Calculate (1 - 7 - 8) + (68 - 75).
-21
Evaluate -117 + -8 + 160 + -72.
-37
(-9 - 1 - (9 - 32 - (-13 + 10))) + 4
14
Evaluate -24 + 9 + (-1 - (127 + -25 + 17)).
-135
Calculate -32 - (-39 + 38 + -22).
-9
What is 5 - ((-8 - -12) + -12 - (2 - 3) - -103)?
-91
Evaluate (-1 - -2) + 0 + -1 - (-2318 + 2330).
-12
What is the value of -5 - -1 - (8 + (-61 - -9) - 15) - -4?
59
What is the value of 234 - 169 - (-1 + 34)?
32
What is 13 - (40 + -20 + -20)?
13
What is the value of 83 + -53 + 103 + -103?
30
What is the value of 26 - -3 - ((-3 - (0 + -3)) + 5)?
24
Calculate 63 + (-73 + 98 - 31) + (1 - 12).
46
Calculate (-9 - -1) + -36 + 23 + 5.
-16
What is (-5 - 6 - -8 - -63) + 5 + 3?
68
Calculate -172 + 250 + -75 + 6 + 0 + 1.
10
-35 - (5 + -1 + 22 + -26 - 12) - 9
-32
8 - ((-2 - (-3 + (2 - 30))) + -34 + 27)
-14
4 + (-58 + 45 + 22 - (-25 + 1))
37
Calculate (-1 + -8 + 1 - -17) + -13 - 5 - -13.
4
What is -162 - -36 - -85 - (1 + 0 + 3 + -1)?
-44
What is the value of 32 + 91 + -65 + -19 + 4 + (0 - 2)?
41
Evaluate (3 + 0 - 2) + (-10 - 4) + -19 + 29.
-3
(-9 - (-11 + -7)) + -30 + 8
-13
Calculate -169 + 42 - (15 + -9 + -13).
-120
Evaluate 41 - (-50 + (-39 - -45)) - 36.
49
What is 8 + 25 + 12 + -39 - (1 + 68)?
-63
Evaluate -8 - (-2 + 7 + -20 + 34 + -23).
-4
What is (13 - 20) + 85 - ((-26 - -16) + 12)?
76
What is -58 - (-13 + (30 - 10) + -5 - 1)?
-59
Evaluate -30 + 20 + -16 + (-37 - 1).
-64
What is the value of (-15 - (-30 - -8)) + 7 - 14 - 150 - -11?
-139
Evaluate (-3 + 64 - 0) + -10 + -7 + 1 + 7.
52
What is (0 - 18) + (24302 - 24224)?
60
What is 19 + (2 - (51 + -21)) + 53?
44
What is the value of -8 + (16 - (18 - 30)) + -95?
-75
Calculate (7 + 31 - 12) + 49 + -98.
-23
Evaluate (1 - 0) + -6 + (-21 - -30) + (-18 - -31).
17
-8 - -72 - (7 - (24 - (12 - 12)))
81
-28 + (464 - 299) + (19 - 1)
155
-10 - 39 - -35 - 33 - ((1 - -1) + 9)
-58
-33 + (65 - 26) + 11
17
Calculate 68 + (-179 - -81) - -93.
63
Evaluate (61 - (54 - -21)) + 0 + -53.
-67
What is the value of 22 + -12 + 4 + -20 + 51 + -1 + 5?
49
Evaluate -9 - (-33 + 65 + -35 + -1 + 0 + -72).
67
26 + 3 + -14 + -36 + -4
-25
What is -18 + 28 + 3 + 11 - 32?
-8
What is the value of -8 - (-11 + (23 - 32)) - ((5 - 3) + 74)?
-64
What is -36 + 1 + (1148 - 1070) + -33?
10
Calculate (22 - 6) + 13 + (-78 - -57).
8
What is the value of (7 + -81 - -103) + -106?
-77
What is -107 + 106 + (-9 - (-7 - 3))?
0
Calculate 67 - (-79 + 141) - 4.
1
-55 + (-54 - (38 - 91))
-56
Evaluate 7 + (-40 - (17 - 33)).
-17
-145 + (50 - (28 + -76))
-47
What is the value of (33 - -1) + (-1997 - -2006)?
43
Calculate (-53 - -55 - 36) + 16.
-18
Calculate ((1 - 0) + -132 + 132 - 1) + -1.
-1
(-29 - -42 - 23) + -25 - -147
112
Calculate -8 - (-5 + -7) - (8 - 39).
35
Calculate -35 - (2 + -1) - (-4748 - -4673).
39
What is the value of -13 - 0 - ((125 - 117) + -30)?
9
Calculate 16 + 32 + -5 + -22 + -23.
-2
What is the value of (13 + 9 - (13 + -27)) + 0 + 2 + -8?
30
What is the value of 60 - 112 - -42 - (-3 - -98 - (-5 - -6))?
-104
113 + (-67 - (61 - 126) - (3 - 7 - 3))
118
What is the value of (7 - (-4 - 6)) + -30 + 17 + -138?
-134
-2 - 7 - ((9 - (0 + -2)) + -17 + 3)
-6
-5 - (19 - (-11 + -15 + (18 - 4)))
-36
Calculate -7 - (-22 + 15 + (-1 - -1) + 32 + -105).
73
Calculate 34 + -36 + (-4 - 3) - (-30 + 3).
18
What is the value of 2 + 56 + (7 - (-12 - (-11 + -5))) - 7?
54
Evaluate -9 - (-24 - -5) - (-27 + (15 - -121)).
-99
-11 + (-36 + 49 + 13 - (0 - -13))
2
What is the value of (275 - 272) + (-67 - (1 + -4 - 4))?
-57
Evaluate 19 + (-56 - (-20 + -16)).
-1
What is the value of (2 - (22 - 42)) + -15 - (0 + -46)?
53
What is 34 - (-24 + -23 + 66) - 102?
-87
Calculate 66 - (5 + (5 + -1 - -10)).
47
What is the value of 9 + 1814 + -1888 + -2 + (0 - 5)?
-72
What is -4 + 17 + -12 + -9 - (23 - -6)?
-37
Calculate 7 + -77 + (79 - 40).
-31
What is the value of (2 - -99) + 1 - (14146 - 14107)?
63
What is -56 + (9 - (-12 - 1) - 9)?
-43
1 + -1 - 91 - (-4 - (-18 - (-29 - -3)))
-79
Calculate -13 + (1 - 1 - (-1 + 97) - (-1332 + 1318)).
-95
Evaluate -5 + -92 + 87 + (-69 - (0 + 0)).
-79
-10 - (29 + 3 + 10) - -1
-51
What is 18 - (22 + (-14 - 15) + (2 - -1))?
22
What is (-3 - (-7 - (-1 + -16))) + (-18 - -20) + 109?
98
Calculate 48 + (2 + (5 - -6) - (-19 - -28)).
52
What is 20 - 3 - (-1173 - -1169)?
21
What is the value of (30 - -1) + (200 - 226)?
5
Evaluate 152 + -149 + 4 + 55 - 20.
42
Calculate -156 - (-193 - -65) - (-57 - -3).
26
Evaluate 5 - -6 - ((5 - 1) + 11 - 1).
-3
Calculate 32 + -38 - 15 - -9.
-12
What is the value of 40 - 0 - (13570 + -13477)?
-53
Calculate -163 + 144 + (16 - 1) + -61.
-65
Evaluate -30 + (-41 - -34 - (-10 + -8)).
-19
What is -107 + (36 - 48) + 7 - (0 + -1)?
-111
Evaluate (-17 - ((21 - 33 - 4) + -7)) + -50.
-44
Calculate 22 + 31 + -28 - (-1 - (1 + -2)).
25
-2 - -191 - (1374 - 1269)
84
What is the value of (3900 - 3932) + 39 + -1?
6
What is the value of 39 - 1 - (366 - 232) - -31?
-65
What is -3 - (5 - (-8 - (-35 - -38 - (6 + 2))))?
-11
Calculate 8 + -15 + -3 + -3 + -25 + 40 + -107.
-105
Calculate -9 + (0 - -21 - (-36 - -42)) - (-73 + 15).
64
Calculate -23 - (-33 - -29 - -51).
-70
Evaluate (35 - (-87 - -33)) + -20 - 10.
59
Evaluate -15402 + 15385 - (-151 - 2).
136
Evaluate (1 - (1 - -1)) + -8 + (-162 + -21 - -156).
-36
What is (-582 - -516) + (13 - -9)?
-44
Evaluate 14 - (-18 + (-12 - -5 - -17)).
22
What is (-13 - -1) + (-13 + 2 - (2 - (2 - -4)))?
-19
What is the value of -143 + 120 + (3 - -72)?
52
What is 204 + (-178 - -78 - 60)?
44
-107 - (-34 - (-93 + 167))
1
1 - (103 + -59 - -13)
-56
(10 - (-7 - -6) - (3 - -22)) + -2 + -5
-21
What is 173 - 0 - (-2347 - -2445)?
75
Evaluate 0 + (-6 - -21) + -21 - (-3 - (-3 + 50)).
44
14 - (13 - -28) - -17
-10
Evaluate -7 + -2 + 6469 + -6470.
-10
What is (-95 - -81) + (0 - (-59 + 3) - -8)?
50
What is (-21 - -8 - (-20 - 1)) + -25?
-17
Calculate -27 - (6 + 5 + (4 + -4 - 21)) - -2.
-15
Calculate (13 - (-84 + 25 - (23 + -6))) + -24.
65
What is the value of (-54 + -4 - (-15 - (0 + -16))) + 12?
-47
What is 47 + (23 - (186 + 26))?
-142
Evaluate -21 + -33 + 12 + -5.
-47
Calculate 0 + -1 - (0 + 0 + (-70 + 51 - -25)).
-7
27 - (-6 + 33 + -9 + (0 - 5))
14
Evaluate (18 - (7 + (-10 - -17) + -15)) + 32.
51
What is the value of 19 + (-57 - -28) - 10 - 61?
-81
-4 + 27 + (11 - 22 - (-1 + 0))
13
-79 - -1 - -136 - (-2 + 0 - 6)
66
What is the value of 7 + (0 - 29 - (-335 - -301))?
12
Calculate (38 - 20 - 20) + (9 - 2) - -2 - -91.
98
Evaluate -39 - (113 - 82) - (0 + (-1 - -1)).
-70
What is the value of -3 + 5 + 1 + -81 - -2 - (-539 + 532)?
-69
(-7 - -30) + (3 - 69 - -6)
-37
6 - -3 - (-5 + (10 - (26 - 141)))
-111
Calculate -36 + 6 + 10 + -14 + 3 + 4.
-27
(2 - (0 + 11)) + 37 - (1 + 0)
27
Evaluate 6 + (-57 - -52) + -41 + (-5 - -6) + -7.
-46
What is the value of -6 + 68 - (527 + -518)?
53
Evaluate 4 + 7 + -6 + (-6 - -4 - 84) + -5.
-86
48 + -1 - (-157 - -173)
31
What is 19 + 86 + 2 - 52?
55
-44 + (31 - ((1 - 1) + -26 + 44))
-31
Evaluate 32 + -5 + (-91 - -77) + -57.
-44
Evaluate (-9 - (-29 + 14)) + (0 - 17) + 1 + -1.
-11
8 + -12 + 4 + -34 +